ided by 219.
207
What is the remainder when 460 is divided by 3?
1
Calculate the remainder when 3198 is divided by 160.
158
Calculate the remainder when 10322 is divided by 356.
354
What is the remainder when 253 is divided by 49?
8
Calculate the remainder when 1859 is divided by 12.
11
What is the remainder when 755 is divided by 63?
62
What is the remainder when 33 is divided by 5?
3
Calculate the remainder when 733 is divided by 35.
33
Calculate the remainder when 2752 is divided by 72.
16
What is the remainder when 604 is divided by 58?
24
Calculate the remainder when 3150 is divided by 137.
136
Calculate the remainder when 246 is divided by 61.
2
What is the remainder when 585 is divided by 184?
33
Calculate the remainder when 1239 is divided by 18.
15
Calculate the remainder when 106 is divided by 29.
19
Calculate the remainder when 3193 is divided by 30.
13
Calculate the remainder when 3401 is divided by 92.
89
Calculate the remainder when 76 is divided by 22.
10
Calculate the remainder when 300 is divided by 78.
66
What is the remainder when 5035 is divided by 140?
135
What is the remainder when 531 is divided by 65?
11
What is the remainder when 7161 is divided by 2381?
18
What is the remainder when 386 is divided by 14?
8
What is the remainder when 121 is divided by 119?
2
Calculate the remainder when 356 is divided by 2.
0
What is the remainder when 128 is divided by 91?
37
What is the remainder when 393 is divided by 56?
1
What is the remainder when 401 is divided by 211?
190
Calculate the remainder when 243 is divided by 7.
5
What is the remainder when 925 is divided by 9?
7
What is the remainder when 1154 is divided by 13?
10
Calculate the remainder when 300 is divided by 65.
40
Calculate the remainder when 164 is divided by 42.
38
What is the remainder when 504 is divided by 24?
0
Calculate the remainder when 10 is divided by 5.
0
What is the remainder when 821 is divided by 95?
61
What is the remainder when 1070 is divided by 43?
38
What is the remainder when 376 is divided by 130?
116
What is the remainder when 620 is divided by 177?
89
Calculate the remainder when 222 is divided by 32.
30
What is the remainder when 1534 is divided by 32?
30
Calculate the remainder when 102 is divided by 22.
14
Calculate the remainder when 304 is divided by 34.
32
What is the remainder when 89 is divided by 18?
17
Calculate the remainder when 1534 is divided by 56.
22
Calculate the remainder when 166 is divided by 92.
74
What is the remainder when 767 is divided by 12?
11
What is the remainder when 607 is divided by 123?
115
Calculate the remainder when 331 is divided by 86.
73
Calculate the remainder when 5548 is divided by 13.
10
What is the remainder when 628 is divided by 70?
68
What is the remainder when 57 is divided by 4?
1
Calculate the remainder when 234 is divided by 62.
48
Calculate the remainder when 5487 is divided by 105.
27
What is the remainder when 75 is divided by 11?
9
What is the remainder when 214 is divided by 72?
70
Calculate the remainder when 777 is divided by 20.
17
What is the remainder when 8763 is divided by 11?
7
Calculate the remainder when 8563 is divided by 119.
114
Calculate the remainder when 72 is divided by 31.
10
What is the remainder when 567 is divided by 191?
185
Calculate the remainder when 248 is divided by 14.
10
Calculate the remainder when 1388 is divided by 93.
86
What is the remainder when 98 is divided by 17?
13
What is the remainder when 192 is divided by 135?
57
What is the remainder when 623 is divided by 17?
11
Calculate the remainder when 204 is divided by 46.
20
What is the remainder when 2217 is divided by 552?
9
Calculate the remainder when 428 is divided by 48.
44
Calculate the remainder when 723 is divided by 231.
30
Calculate the remainder when 345 is divided by 173.
172
What is the remainder when 22 is divided by 4?
2
Calculate the remainder when 35578 is divided by 18.
10
What is the remainder when 37126 is divided by 119?
117
What is the remainder when 710 is divided by 117?
8
Calculate the remainder when 390 is divided by 202.
188
Calculate the remainder when 215 is divided by 32.
23
Calculate the remainder when 2076 is divided by 31.
30
What is the remainder when 4679 is divided by 31?
29
Calculate the remainder when 432 is divided by 21.
12
Calculate the remainder when 2069 is divided by 6.
5
Calculate the remainder when 30 is divided by 11.
8
What is the remainder when 146 is divided by 51?
44
Calculate the remainder when 5013 is divided by 22.
19
What is the remainder when 422 is divided by 416?
6
Calculate the remainder when 239 is divided by 117.
5
What is the remainder when 144 is divided by 32?
16
What is the remainder when 44612 is divided by 24?
20
Calculate the remainder when 135 is divided by 70.
65
What is the remainder when 414 is divided by 5?
4
Calculate the remainder when 374 is divided by 25.
24
What is the remainder when 106342 is divided by 24?
22
Calculate the remainder when 1169 is divided by 30.
29
Calculate the remainder when 6803 is divided by 9.
8
What is the remainder when 7482 is divided by 39?
33
What is the remainder when 1633 is divided by 40?
33
Calculate the remainder when 7066 is divided by 60.
46
What is the remainder when 120 is divided by 118?
2
What is the remainder when 11679 is divided by 354?
351
What is the remainder when 567 is divided by 45?
27
What is the remainder when 141 is divided by 61?
19
What is the remainder when 32 is divided by 28?
4
Calculate the remainder when 2230 is divided by 62.
60
What is the remainder when 2697 is divided by 25?
22
What is the remainder when 120 is divided by 45?
30
Calculate the remainder when 450 is divided by 41.
40
What is the remainder when 212 is divided by 101?
10
Calculate the remainder when 499 is divided by 3.
1
Calculate the remainder when 987 is divided by 38.
37
What is the remainder when 927 is divided by 62?
59
Calculate the remainder when 48 is divided by 11.
4
What is the remainder when 137 is divided by 5?
2
Calculate the remainder when 437 is divided by 20.
17
What is the remainder when 3905 is divided by 973?
13
What is the remainder when 179 is divided by 15?
14
Calculate the remainder when 286 is divided by 46.
10
Calculate the remainder when 2097 is divided by 176.
161
What is the remainder when 2166 is divided by 67?
22
What is the remainder when 287 is divided by 146?
141
What is the remainder when 3108 is divided by 197?
153
What is the remainder when 1463 is divided by 24?
23
What is the remainder when 170 is divided by 66?
38
Calculate the remainder when 801 is divided by 12.
9
Calculate the remainder when 151 is divided by 32.
23
What is the remainder when 154 is divided by 46?
16
Calculate the remainder when 375 is divided by 364.
11
What is the remainder when 1132 is divided by 9?
7
Calculate the remainder when 57 is divided by 46.
11
Calculate the remainder when 2784 is divided by 155.
149
What is the remainder when 4597 is divided by 63?
61
What is the remainder when 5112 is divided by 11?
8
Calculate the remainder when 17 is divided by 5.
2
What is the remainder when 1280 is divided by 127?
10
Calculate the remainder when 1713 is divided by 115.
103
What is the remainder when 178 is divided by 21?
10
What is the remainder when 372 is divided by 25?
22
What is the remainder when 1883 is divided by 82?
79
Calculate the remainder when 7286 is divided by 4.
2
Calculate the remainder when 1894 is divided by 620.
34
What is the remainder when 637 is divided by 320?
317
Calculate the remainder when 122 is divided by 3.
2
Calculate the remainder when 1126 is divided by 8.
6
Calculate the remainder when 7079 is divided by 24.
23
Calculate the remainder when 1293 is divided by 322.
5
What is the remainder when 1887 is divided by 30?
27
Calculate the remainder when 179 is divided by 13.
10
Calculate the remainder when 590 is divided by 11.
7
What is the remainder when 181 is divided by 37?
33
Calculate the remainder when 407 is divided by 5.
2
What is the remainder when 979 is divided by 323?
10
What is the remainder when 1121 is divided by 21?
8
What is the remainder when 11966 is divided by 41?
35
Calculate the remainder when 263 is divided by 6.
5
Calculate the remainder 